f 16?
True
Let l(t) = -2*t - 3. Let p be l(-3). Suppose -p*u - 102 = -4*v, -4*u = 4*v - 2*u - 112. Suppose 5*z = 5*o - 55, 3*o = -0*o - 3*z + v. Is 10 a factor of o?
True
Let g(h) = h**3 + 5*h**2 + 5*h + 2. Let m be g(-3). Suppose -q + 2 = 4*p - 6, -10 = -m*p - q. Is 19 a factor of p/(-5) - (-1659)/35?
False
Let h(j) = 6*j - 6. Let b(u) = -u - 6. Let v be b(-11). Is 24 a factor of h(v)?
True
Suppose 9*u - 255 = 807. Is 27 a factor of u?
False
Let p(b) = b**2 - 5*b + b + 5 + b. Let o be p(4). Is 52/o + (-4)/(-18) a multiple of 3?
True
Suppose -r - 2*r = 21. Let c(p) be the second derivative of p**4/12 + 2*p**3/3 - 3*p**2/2 + 2*p. Is 5 a factor of c(r)?
False
Suppose -2*n - 57 = -81. Does 6 divide n?
True
Let t = 173 + -95. Is t a multiple of 6?
True
Suppose m - 63 = 4*y, 0 = -y - 3*y - 4. Does 15 divide m?
False
Suppose -5*m + 90 = 3*g, 2*g - 30 = g + 3*m. Suppose 4*b - 14 - g = 0. Suppose -5*a + 76 = b. Is 7 a factor of a?
False
Suppose 4*n = 20, h - 3*n - 3 - 7 = 0. Is h a multiple of 12?
False
Suppose 0 = -3*x + 5*x + 138. Let f = x + 39. Is 5 a factor of 3/((-9)/f + 0)?
True
Suppose 0 = y + 3*y + 40. Let f be (-4)/10 - 644/y. Suppose 0*n - 4*n + f = 0. Does 16 divide n?
True
Suppose 5*k + 72 = 2*f - 165, k = 2*f - 49. Let h = -27 - k. Does 11 divide h?
False
Let r = -18 - -28. Is r a multiple of 5?
True
Let p be 10/(-45) - 20/(-9). Suppose p*z - 28 = 3*w + 47, -77 = -2*z + w. Is 13 a factor of z?
True
Let s = -85 + 122. Is 37 a factor of s?
True
Let k = 5 - 9. Let c = k - -4. Is c - 2 - 18*-1 a multiple of 8?
True
Suppose 5*m + 3 = 23. Suppose -3*z + 2*f + m = -10, 0 = -2*z + 2*f + 8. Does 23 divide 46 + 1 - (z - 5)?
True
Suppose 273 + 132 = 9*r. Is 5 a factor of r?
True
Let z(u) = 66*u + 8. Is z(2) a multiple of 20?
True
Suppose -2*t + 2 = 2*t + 2*l, 2*t + 4*l + 8 = 0. Suppose -t*n + 285 = 27. Suppose -n = -3*h + 3*q, h + 4*h = 3*q + 207. Is 17 a factor of h?
False
Let o(v) = -v**2 + 19*v - 6. Is o(4) a multiple of 4?
False
Let a = -94 - -157. Does 21 divide a?
True
Let b(d) = -d**2 + 1. Let p(x) = 2*x**2 + x + 2. Let c(j) = -3*b(j) + p(j). Let a be c(1). Suppose -110 = -r - 4*r - a*u, 2*r + u = 47. Is 10 a factor of r?
False
Let p(t) = 20*t**3 + t**2 - 2*t + 1. Let l be 1 + -3 + (-1 - -6). Suppose 3 - 6 = -l*n. Does 12 divide p(n)?
False
Let a(d) = -d**3 - 4*d**2 + 6*d - 5. Let x be a(-6). Suppose 2*t - 3*t = 18. Let k = t + x. Does 13 divide k?
True
Is (2464/(-48))/((-2)/3) a multiple of 11?
True
Let f be (-102)/9*(-6)/(-2). Let g = 58 + f. Is 12 a factor of g?
True
Suppose 2*a - 5 = -1. Is (-16 + a)*3/(-6) a multiple of 3?
False
Let k(l) = -7*l - 2 + 2. Does 5 divide k(-1)?
False
Suppose -3*b + 18 + 87 = 0. Is 7 a factor of b?
True
Let s(k) = 5*k + 9. Let p(b) = -2*b - 3. Let x(n) = 8*p(n) + 3*s(n). Let d be x(3). Let y = d + 6. Does 3 divide y?
True
Suppose -3*l - 4*w = -89, 5*l + 3*w - 142 = 21. Does 15 divide l?
False
Let d(a) = 2*a - a - 5 + 2. Let r be d(7). Suppose 2*t - 4*t + r = 0. Is 2 a factor of t?
True
Suppose 3*y - 54 = c, -5*y + 28 = -c - 62. Is y a multiple of 18?
True
Let k(c) = -c**2 + 26*c + 10. Does 10 divide k(14)?
False
Let h = 33 - 55. Let i(c) = 42*c**3 + 2*c - 1. Let m be i(1). Let d = m + h. Is 14 a factor of d?
False
Suppose z + z - 3*v - 91 = 0, -2*v = -2. Suppose 4*p - 121 = z. Is 17 a factor of p?
False
Suppose r - 45 = -4*z, -2*r - 4*z = 3*r - 225. Is 16 a factor of r?
False
Suppose 996 = -5*x + 2746. Suppose 4*p = -p + x. Does 25 divide p?
False
Is ((-24)/(-10))/((-20)/(-250)) a multiple of 5?
True
Does 10 divide 1/(2/6) - -57?
True
Let m(v) = -v**2 + 15*v - 1. Let f be m(11). Suppose -5*l + 29 = 5*q - 71, 2*l = -q + f. Does 11 divide l?
False
Suppose 5*q + 39 = 3*k, -k = 4*k - 4*q - 78. Is k a multiple of 6?
True
Suppose 2*g - 3*f + f = -14, 5*g = -f - 17. Is 15 a factor of 57 + 12/(-16)*g?
True
Suppose -2*c - s = -146, -4*s + 4 + 4 = 0. Is 12 a factor of c?
True
Let i be 5/3 + 6/18. Is 5 a factor of (-18)/((i - 0)*-1)?
False
Let q(a) be the second derivative of a**4/4 - a**3/2 + a**2/2 + 2*a. Let k be q(-3). Suppose -k = -2*h + 3. Does 8 divide h?
False
Let a = 3 - -3. Is 4 a factor of (-1 - -5)*a/2?
True
Let k(g) = 3*g**3 - 23*g**2 + 24*g + 26. Let n(s) = -4*s**3 + 34*s**2 - 36*s - 39. Let f(i) = 7*k(i) + 5*n(i). Does 3 divide f(-10)?
False
Let v be 1 + -3 + (3 - -21). Is 11 a factor of (-5)/(-10)*(0 + v)?
True
Let h(k) = k + 5. Suppose 25 = 7*s - 2*s. Is h(s) a multiple of 10?
True
Let w be -2 + (0 - 2*-1). Suppose -y = -4 - w. Suppose -6 - y = -s. Is s a multiple of 5?
True
Suppose 0 = 29*t - 25*t - 144. Is 3 a factor of t?
True
Let l(h) = -h**3 - 14*h**2 + 9. Let b be l(-14). Suppose -98 = 7*d - b*d. Does 13 divide d?
False
Let f be (2/3)/(6/27). Suppose -f*b - 2*q + 10 = 0, 0*q = 4*b - q - 6. Suppose l + 14 = b*l. Is l a multiple of 7?
True
Let a be (3 - 0) + (-1 - 11). Does 12 divide (-5 - a)*34/8?
False
Suppose 5*u + g - 5*g - 54 = 0, -u + 9 = g. Let a = -7 + u. Is 2 a factor of a?
False
Let n(r) = -9*r - 7. Let c be -6*(-2)/(-16)*4. Does 20 divide n(c)?
True
Suppose -4*y = d + 4 - 6, d = -3*y. Is (-4 - -31)*(-2)/d a multiple of 6?
False
Let m be (-20)/(-6)*6/4. Let r = m + 0. Is r a multiple of 5?
True
Suppose 224 = 4*s + 44. Is s a multiple of 15?
True
Let l = 194 - 2. Is l a multiple of 8?
True
Suppose 3*f + 30 = 168. Let u = -24 + f. Does 7 divide u?
False
Let k = 119 + -339. Let n be k/(-3) + (-8)/(-12). Suppose 0 = 2*d + 5*y - 19, 3*d + d - 2*y = n. Does 9 divide d?
False
Let o = -2 - -10. Let b = o + -5. Is b a multiple of 2?
False
Let a = 181 - 97. Does 21 divide a?
True
Let b(i) = i**3 - i**2 - 8*i + 10. Is b(5) a multiple of 35?
True
Let y(v) = 2*v**2 + 6*v - 12. Does 15 divide y(5)?
False
Let t = -23 - -37. Suppose j - 18 = t. Is 8 a factor of j?
True
Let y = 38 + -53. Let z = 49 - y. Does 16 divide z?
True
Suppose -2*a = -3*a + 2. Let h = -2 + a. Does 12 divide 28 - 0/(-3 - h)?
False
Let w(b) = b**2 + 9*b + 14. Does 17 divide w(-14)?
False
Suppose -2*q + 108 = 3*h, -2*q + 6*h - 5*h + 124 = 0. Let m be ((-12)/10)/(9/q). Let x = 14 + m. Does 2 divide x?
True
Let w(z) = z**2 - 8*z - 7. Let u be w(7). Let d be 4/u - (-220)/(-14). Let n = -8 - d. Is 5 a factor of n?
False
Suppose -5*w + w + 172 = 0. Does 5 divide w?
False
Suppose -2*x = -x - 3*y - 88, 4*x - 3*y - 343 = 0. Is x a multiple of 17?
True
Let t(o) = o**2 - 3*o - 2. Let u be t(6). Is (-291)/(-4) - (-4)/u a multiple of 20?
False
Let q(u) = -u**3 - 4*u**2 - 2*u + 3. Is q(-5) a multiple of 10?
False
Suppose 4*l + 0*l - 12 = 0. Suppose 2*u + l*u - 375 = 0. Is u a multiple of 15?
True
Let h(b) = -10*b. Let j = -2 - 0. Is 7 a factor of h(j)?
False
Suppose -h - 293 = -4*h - b, 4*h - 4*b = 364. Suppose 2*s - h = 2*l + 6, -3*l - 249 = -5*s. Is 12 a factor of s?
True
Suppose -7 = -4*y + 1. Is 10/8*(2 + y) a multiple of 5?
True
Suppose -4*o + 208 = 72. Does 17 divide o?
True
Let a(r) = -1 + 21*r**2 + r**2 + 0*r**2. Is 11 a factor of a(1)?
False
Suppose -2*n = i + 273, -55 = -n - 5*i - 205. Does 15 divide (4/(-6))/(3/n)?
True
Let g(b) = -3*b**3 - b - 1. Let d be g(-1). Let i be 4/(-1*4) - -3. Suppose -i*k = d*k - 65. Is k a multiple of 12?
False
Let j(c) = 4*c - 7. Suppose u - 2 - 4 = 0. Does 9 divide j(u)?
False
Is 16 a factor of -1*3 + 216/4?
False
Is (-30)/(-7)*(-28)/(-6) a multiple of 12?
False
Does 8 divide ((-100)/30)/(4/(-42))?
False
Suppose -w + 2 = -3. Suppose w*h = -5*u + 31 + 29, 52 = 3*u - 5*h. Is u a multiple of 14?
True
Let f be 3*(-3)/(-3*1). Suppose -5*a = 2*b - 522, -4*b + 6*b = 4*a - 414. Suppose -f*s = s - a. Is s a multiple of 14?
False
Suppose -3*h - 15 = -0*h. Let q(i) = -6*i - 2. Let u be q(4). Let d = h - u. Is d a multiple of 15?
False
Let q(y) = y**2 - 23. Let s(m) = -8. Let t(r) = 3*q(r) - 8*s(r). Does 11 divide t(3)?
True
Suppose 10*y = 5*y + w + 1, 4 = -y - 4*w. Let p = y - 46. Let f = -28 - p. Is f a multiple of 7?
False
Suppose v = -3*r - 1, -2*v + 1 - 6 = 3*r. Does 14 divide 16 + 7 - (2 - r)?
False
Let u be (-2)/6 + (-10)/15. Is 19 a factor of 19*(-4)/2*u?
True
Suppose -4*o = -3*o - 36. Does 18 divide o?
True
Let x(o) be the third derivative of o**5/20 - o**4/24 + o**3/6 + 4*o**2. Let c be x(-2). Suppose 0*y - y + 3*b = -20, y - c = 2*b. Does 2 divide y?
False
Let k(o) = 13*o - 45. Is k(15) a multiple of 1